{"id":1815,"date":"2022-03-13T17:35:02","date_gmt":"2022-03-13T16:35:02","guid":{"rendered":"http:\/\/wordpress.zpswr.o12.pl\/?page_id=1815"},"modified":"2022-03-13T17:35:04","modified_gmt":"2022-03-13T16:35:04","slug":"dziel-sie-usmiechem","status":"publish","type":"page","link":"http:\/\/wordpress.zpswr.o12.pl\/index.php\/dziel-sie-usmiechem\/","title":{"rendered":"Dziel si\u0119 u\u015bmiechem"},"content":{"rendered":"\n<figure class=\"wp-block-image size-large\"><img loading=\"lazy\" decoding=\"async\" width=\"1024\" height=\"319\" src=\"http:\/\/wordpress.zpswr.o12.pl\/wp-content\/uploads\/2022\/03\/image-1024x319.png\" alt=\"\" class=\"wp-image-1816\" srcset=\"http:\/\/wordpress.zpswr.o12.pl\/wp-content\/uploads\/2022\/03\/image-1024x319.png 1024w, http:\/\/wordpress.zpswr.o12.pl\/wp-content\/uploads\/2022\/03\/image-300x93.png 300w, http:\/\/wordpress.zpswr.o12.pl\/wp-content\/uploads\/2022\/03\/image-768x239.png 768w, http:\/\/wordpress.zpswr.o12.pl\/wp-content\/uploads\/2022\/03\/image.png 1140w\" sizes=\"auto, (max-width: 1024px) 100vw, 1024px\" \/><\/figure>\n\n\n\n<p>U<em>czniowie naszej szko\u0142y realizuj\u0105 w tym roku szkolnym zaj\u0119cia w ramach og\u00f3lnopolskiego programu profilaktycznego<strong> \u201eDziel si\u0119 u\u015bmiechem\u201d. <\/strong>Organizatorami tego przedsi\u0119wzi\u0119cia s\u0105 Polski Czerwony Krzy\u017c oraz firma Mars Polska przy wsparciu Polskich Towarzystw Stomatologicznych. Uczniowie na zaj\u0119ciach poznaj\u0105 zasady prawid\u0142owej higieny jamy ustnej, a tak\u017ce zg\u0142\u0119biaj\u0105 wiedz\u0119 na temat tego, w jaki spos\u00f3b zapobiega\u0107 pr\u00f3chnicy z\u0119b\u00f3w. Wszystkie dzieci, kt\u00f3re bior\u0105 udzia\u0142 w programie, otrzyma\u0142y ksi\u0105\u017ceczki edukacyjne oraz bezcukrowe gumy do \u017cucia. Zaj\u0119cia te dostarczaj\u0105 wiele rado\u015bci. Uczniowie poprzez zabaw\u0119 i do\u015bwiadczenia dowiaduj\u0105 si\u0119 jak dba\u0107 o zdrowy u\u015bmiech<\/em>.<\/p>\n\n\n\n<p><\/p>\n\n\n\n<div class=\"wp-block-image\"><figure class=\"aligncenter size-full\"><img loading=\"lazy\" decoding=\"async\" width=\"670\" height=\"546\" src=\"http:\/\/wordpress.zpswr.o12.pl\/wp-content\/uploads\/2022\/03\/image-1.png\" alt=\"\" class=\"wp-image-1817\" srcset=\"http:\/\/wordpress.zpswr.o12.pl\/wp-content\/uploads\/2022\/03\/image-1.png 670w, http:\/\/wordpress.zpswr.o12.pl\/wp-content\/uploads\/2022\/03\/image-1-300x244.png 300w\" sizes=\"auto, (max-width: 670px) 100vw, 670px\" \/><\/figure><\/div>\n","protected":false},"excerpt":{"rendered":"<p>Uczniowie naszej szko\u0142y realizuj\u0105 w tym roku szkolnym zaj\u0119cia w ramach og\u00f3lnopolskiego programu profilaktycznego \u201eDziel si\u0119 u\u015bmiechem\u201d. Organizatorami tego przedsi\u0119wzi\u0119cia s\u0105 Polski Czerwony Krzy\u017c oraz firma Mars Polska przy wsparciu Polskich Towarzystw Stomatologicznych. Uczniowie na zaj\u0119ciach poznaj\u0105 zasady prawid\u0142owej higieny jamy ustnej, a tak\u017ce zg\u0142\u0119biaj\u0105 wiedz\u0119 na temat tego, w jaki spos\u00f3b zapobiega\u0107 pr\u00f3chnicy z\u0119b\u00f3w. &hellip;<\/p>\n<p class=\"read-more\"> <a class=\"\" href=\"http:\/\/wordpress.zpswr.o12.pl\/index.php\/dziel-sie-usmiechem\/\"> <span class=\"screen-reader-text\">Dziel si\u0119 u\u015bmiechem<\/span> Read More &raquo;<\/a><\/p>\n","protected":false},"author":1,"featured_media":0,"parent":0,"menu_order":0,"comment_status":"closed","ping_status":"closed","template":"","meta":{"footnotes":""},"class_list":["post-1815","page","type-page","status-publish","hentry"],"_links":{"self":[{"href":"http:\/\/wordpress.zpswr.o12.pl\/index.php\/wp-json\/wp\/v2\/pages\/1815","targetHints":{"allow":["GET"]}}],"collection":[{"href":"http:\/\/wordpress.zpswr.o12.pl\/index.php\/wp-json\/wp\/v2\/pages"}],"about":[{"href":"http:\/\/wordpress.zpswr.o12.pl\/index.php\/wp-json\/wp\/v2\/types\/page"}],"author":[{"embeddable":true,"href":"http:\/\/wordpress.zpswr.o12.pl\/index.php\/wp-json\/wp\/v2\/users\/1"}],"replies":[{"embeddable":true,"href":"http:\/\/wordpress.zpswr.o12.pl\/index.php\/wp-json\/wp\/v2\/comments?post=1815"}],"version-history":[{"count":1,"href":"http:\/\/wordpress.zpswr.o12.pl\/index.php\/wp-json\/wp\/v2\/pages\/1815\/revisions"}],"predecessor-version":[{"id":1819,"href":"http:\/\/wordpress.zpswr.o12.pl\/index.php\/wp-json\/wp\/v2\/pages\/1815\/revisions\/1819"}],"wp:attachment":[{"href":"http:\/\/wordpress.zpswr.o12.pl\/index.php\/wp-json\/wp\/v2\/media?parent=1815"}],"curies":[{"name":"wp","href":"https:\/\/api.w.org\/{rel}","templated":true}]}}